 divisor of 697 and 41?
41
Calculate the highest common factor of 25 and 5.
5
Calculate the highest common factor of 8463 and 2184.
273
What is the greatest common factor of 145 and 8323?
29
What is the greatest common factor of 8 and 16?
8
What is the highest common factor of 391 and 69?
23
What is the highest common factor of 665 and 15?
5
What is the greatest common factor of 378 and 1539?
27
Calculate the highest common factor of 567 and 1863.
81
What is the highest common factor of 102 and 425?
17
Calculate the highest common divisor of 238 and 34.
34
What is the highest common factor of 756 and 196?
28
What is the highest common divisor of 2265 and 15?
15
What is the greatest common factor of 783 and 1131?
87
Calculate the greatest common factor of 350 and 400.
50
What is the highest common factor of 1152 and 1024?
128
What is the highest common divisor of 17 and 119?
17
What is the greatest common factor of 188 and 1739?
47
What is the highest common factor of 3830 and 60?
10
What is the highest common divisor of 340 and 80?
20
Calculate the greatest common divisor of 345 and 60.
15
Calculate the greatest common factor of 261 and 11484.
261
Calculate the greatest common divisor of 174 and 261.
87
Calculate the highest common factor of 819 and 182.
91
What is the highest common divisor of 749 and 49?
7
What is the greatest common divisor of 394 and 2561?
197
Calculate the greatest common divisor of 14 and 6.
2
What is the greatest common divisor of 6 and 182?
2
Calculate the highest common factor of 555 and 60.
15
What is the greatest common factor of 50 and 3200?
50
What is the highest common factor of 6 and 120?
6
What is the highest common factor of 48 and 51?
3
Calculate the highest common factor of 150 and 6.
6
Calculate the highest common factor of 1518 and 6.
6
Calculate the greatest common factor of 1276 and 116.
116
Calculate the highest common divisor of 666 and 36.
18
Calculate the highest common divisor of 889 and 6477.
127
What is the highest common factor of 208 and 234?
26
Calculate the greatest common divisor of 49 and 22589.
49
Calculate the highest common divisor of 92 and 100.
4
Calculate the highest common factor of 874 and 138.
46
What is the highest common divisor of 570 and 60?
30
What is the greatest common divisor of 996 and 6?
6
What is the greatest common factor of 30 and 230?
10
What is the greatest common factor of 77 and 40117?
77
Calculate the greatest common divisor of 405 and 10.
5
What is the highest common factor of 21 and 1064?
7
Calculate the greatest common factor of 2673 and 11.
11
What is the greatest common divisor of 155 and 93?
31
What is the highest common divisor of 40 and 85?
5
What is the highest common divisor of 185 and 74?
37
What is the greatest common factor of 8 and 220?
4
What is the highest common factor of 37 and 37?
37
Calculate the highest common factor of 3854 and 282.
94
Calculate the greatest common factor of 351 and 520.
13
Calculate the highest common divisor of 2245 and 10.
5
What is the highest common divisor of 86 and 26?
2
What is the highest common divisor of 184 and 23?
23
Calculate the highest common divisor of 208 and 572.
52
What is the greatest common divisor of 657 and 288?
9
Calculate the greatest common divisor of 85 and 2040.
85
What is the highest common factor of 703 and 185?
37
Calculate the highest common divisor of 119 and 51.
17
Calculate the greatest common divisor of 55 and 1287.
11
What is the highest common factor of 489 and 2282?
163
Calculate the greatest common factor of 6 and 546.
6
Calculate the greatest common factor of 7040 and 110.
110
What is the highest common factor of 975 and 260?
65
What is the greatest common factor of 204 and 8466?
102
Calculate the greatest common divisor of 93 and 168.
3
Calculate the greatest common factor of 368 and 72.
8
Calculate the highest common factor of 20 and 4516.
4
What is the highest common divisor of 1008 and 280?
56
Calculate the greatest common divisor of 2916 and 12.
12
What is the highest common factor of 18 and 48?
6
Calculate the highest common divisor of 107520 and 420.
420
Calculate the highest common divisor of 104 and 234.
26
Calculate the highest common divisor of 256 and 1.
1
What is the greatest common divisor of 60 and 24?
12
What is the highest common factor of 105 and 465?
15
What is the greatest common factor of 1422 and 12?
6
What is the greatest common factor of 57 and 3249?
57
Calculate the highest common factor of 3 and 5610.
3
What is the highest common divisor of 144 and 3636?
36
What is the highest common factor of 252 and 987?
21
What is the greatest common divisor of 18 and 99?
9
Calculate the highest common divisor of 250 and 25.
25
Calculate the highest common factor of 3383 and 17.
17
What is the highest common divisor of 184 and 1196?
92
Calculate the greatest common factor of 7860 and 15.
15
What is the greatest common divisor of 1363 and 319?
29
What is the highest common divisor of 470 and 320?
10
Calculate the greatest common factor of 255 and 75.
15
Calculate the highest common factor of 160 and 896.
32
Calculate the greatest common factor of 13 and 351.
13
Calculate the greatest common divisor of 500 and 10.
10
Calculate the highest common factor of 112 and 160.
16
Calculate the greatest common divisor of 321 and 3317.
107
Calculate the greatest common divisor of 303 and 4949.
101
Calculate the highest common divisor of 59 and 3127.
59
What is the highest common factor of 25 and 3?
1
Calculate the greatest common divisor of 885 and 30.
15
What is the highest common factor of 10 and 16660?
10
Calculate the greatest common factor of 26 and 23478.
26
Calculate the greatest common factor of 232 and 203.
29
What is the greatest common divisor of 261 and 1131?
87
Calculate the greatest common factor of 12954 and 102.
102
Calculate the greatest common divisor of 1080 and 3720.
120
What is the highest common factor of 1000 and 8?
8
Calculate the highest common factor of 55 and 5.
5
What is the highest common divisor of 285 and 30?
15
Calculate the greatest common divisor of 301 and 344.
43
What is the greatest common factor of 5 and 4?
1
What is the highest common factor of 152 and 779?
19
What is the highest common divisor of 24 and 10?
2
Calculate the greatest common factor of 2627 and 284.
71
Calculate the highest common factor of 63 and 18.
9
Calculate the highest common factor of 47 and 1175.
47
What is the greatest common factor of 200 and 20?
20
What is the greatest common divisor of 48 and 336?
48
What is the highest common factor of 7940 and 20?
20
Calculate the highest common divisor of 3 and 48.
3
What is the highest common divisor of 2970 and 550?
110
What is the greatest common factor of 15 and 35?
5
Calculate the greatest common divisor of 69 and 24.
3
Calculate the greatest common factor of 357 and 85.
17
Calculate the highest common factor of 2401 and 7.
7
Calculate the highest common divisor of 122 and 915.
61
What is the highest common factor of 33 and 42?
3
Calculate the greatest common factor of 98 and 539.
49
Calculate the highest common factor of 32 and 144.
16
Calculate the highest common factor of 539 and 343.
49
What is the highest common divisor of 793 and 61?
61
What is the greatest common divisor of 7 and 5383?
7
What is the greatest common factor of 207 and 46?
23
What is the greatest common factor of 384 and 60?
12
Calculate the greatest common factor of 51 and 9.
3
Calculate the greatest common divisor of 39 and 5044.
13
What is the greatest common factor of 50 and 2000?
50
What is the highest common divisor of 207 and 1224?
9
What is the greatest common divisor of 837 and 31?
31
Calculate the highest common divisor of 126 and 4932.
18
Calculate the highest common factor of 20 and 45.
5
What is the highest common divisor of 2312 and 32?
8
What is the greatest common factor of 106 and 265?
53
Calculate the highest common divisor of 297 and 484.
11
What is the highest common divisor of 11 and 55?
11
Calculate the highest common factor of 44 and 1287.
11
Calculate the greatest common factor of 36897 and 147.
147
What is the greatest common factor of 253 and 8?
1
Calculate the greatest common divisor of 4 and 386.
2
What is the greatest common di